d by i.
14
Let l(o) be the first derivative of -1/2*o**2 + 2/3*o**3 + 11/4*o**4 - 10 + 0*o. What is the remainder when l(2) is divided by 24?
22
Suppose 58*f = 981 + 179. Suppose 2*p = 5*k + 103, 24*k + f = 20*k. What is the remainder when (-229)/(-2) - 2/4 is divided by p?
36
Let b = -121 - -39. Let r = -73 - b. Calculate the remainder when 45 is divided by (r/4)/((-6)/(-16)).
3
Let i(u) = u**2 + 3*u + 8. Let g be i(-4). Suppose g*s = 17*s - 235. What is the remainder when s is divided by 65/(-3)*54/(-45)?
21
Suppose t + 324 - 1590 + 32 = 0. Calculate the remainder when t is divided by 5.
4
Suppose r - s - 93 = 0, -s + 275 = 3*r - 0*s. Suppose 25*q - 1542 = -r. Calculate the remainder when q is divided by 15.
13
Suppose -3*w + 375 = -4*i, -61*w - 86 = -62*w - 3*i. Calculate the remainder when w is divided by 69.
44
Suppose -4*v + 3*f = -282, 280 = 4*v + 277*f - 279*f. Calculate the remainder when 252 is divided by v.
45
Suppose 0*l - 49*l + 232356 = 18*l. Calculate the remainder when l is divided by 267.
264
Let v = 8019 + -7063. Calculate the remainder when v is divided by 159.
2
Suppose -21*m + 385 = 49. Suppose -1 = 3*t - m. What is the remainder when 26 is divided by t?
1
Let i(m) = 92*m - 12. What is the remainder when 149 is divided by i(1)?
69
Suppose 0 = -4*j + 5*i + 2411, -16*i = -5*j - 15*i + 3040. Calculate the remainder when j is divided by 69.
57
Let s(g) = 233*g**2 + 10*g + 13. Let l(w) = -78*w**2 - 3*w - 4. Let k(v) = -7*l(v) - 2*s(v). Calculate the remainder when k(1) is divided by 42.
41
Suppose 0*n = -2*m - 3*n - 17, 2*n = -5*m - 15. Let v be (-3)/(-3)*-16 - m. What is the remainder when 52 is divided by (27/v)/(1/(-5))?
7
Suppose 921 = 7*u - 325. Suppose -q - 11*l + 9*l = -1, -4*q + 4*l + 52 = 0. What is the remainder when u is divided by q?
7
Suppose -259*p + 11610 = -9369. Calculate the remainder when p is divided by 28.
25
Suppose 3310 = 14*z - 3648. What is the remainder when 1995 is divided by z?
7
Let t(b) = b + 4 + 0 + 3. Suppose 162 = 20*v + 2. What is the remainder when 56 is divided by t(v)?
11
Let q be -1 + (0 - 0) + -14 + 0. Let k(s) = s**3 + 16*s**2 + 10*s - 3. What is the remainder when k(q) is divided by 20?
12
Let c be 96/15 + 42/(-105). Suppose 129 = c*f + 9. Calculate the remainder when f is divided by (0 + (-1 - 0))*-11.
9
Let h = 302 - 207. Calculate the remainder when h is divided by (1 + 3)*(-3)/(-12)*33.
29
Let s(j) = 5*j**3 + 3*j**2 - 262*j - 3. Calculate the remainder when s(14) is divided by 38.
35
Let h = -16065 - -25949. Calculate the remainder when h is divided by 15.
14
What is the remainder when 23 is divided by (40/6)/(1408/3168)?
8
Suppose 0 = 4*l + 36, 0 = 4*s + 3*l - 367 - 350. What is the remainder when s is divided by 147?
39
Let d = -6075 - -9357. Calculate the remainder when d is divided by 106.
102
Suppose -3*m + 581 = 4*m. What is the remainder when m is divided by 13 - (-156)/117*(-6)/(-4)?
8
Suppose 0 = 3*z - 2*o - 772, -3*z - 10997*o = -11001*o - 764. Let y = -10 - -97. What is the remainder when z is divided by y?
86
Let k be (-1)/(0 + ((-44)/(-16))/(-11)). Suppose a - 158 = -k*x, 2*a - 3*x + 55 - 327 = 0. Calculate the remainder when a is divided by 24.
22
Let z(s) = 5*s**2 - 25*s + 39. What is the remainder when 495 is divided by z(4)?
1
Let q = 2274 + -2050. What is the remainder when q is divided by 9?
8
Suppose 8*g - 8*q - 150 = 7*g, -4*q - 32 = 0. What is the remainder when g is divided by (-12)/(-10)*30/4?
5
Suppose 4*y - 68 - 20 = -4*l, -2*l + 90 = 4*y. Let q = y + 10. Calculate the remainder when 46 is divided by q.
13
Let i = 11920 + -11889. Calculate the remainder when i is divided by (1 - 16)*(-12)/10.
13
Let o = 20 + -6. What is the remainder when 103 + 1 + (-102 - -2) + 90 is divided by o?
10
Suppose j = -95 + 106. Let k(u) = 7*u**2 + 8*u - 3. Let f be k(4). Let v = f + -98. What is the remainder when v is divided by j?
10
Let x(h) = -69*h - 14 - 18 - 12 - 8 + 55. What is the remainder when 15 is divided by x(0)?
0
Suppose -26*v + 6848 = -24690. What is the remainder when v is divided by 5?
3
Suppose 14*a = 164 + 914. Suppose 153 = -10*r - a. Let f = 26 + r. Calculate the remainder when 20 is divided by f.
2
Suppose -99 = -4*u + j, 3*u + 35*j - 40*j = 53. Suppose -u*z + 1710 = 19*z. Calculate the remainder when 117 is divided by z.
3
Suppose -4*y = 7*y - 363. Suppose -2*h = 2*o - 32, 3*h - 3*o - y - 33 = 0. What is the remainder when 93 is divided by h?
17
Let j = -3 - -2. Let r = 7288 + -7266. What is the remainder when 11 is divided by j/1 - -2 - (-24 + r)?
2
Let w be (-10)/55 + (-172)/22. Let v be 5 + (w - -2) + 4. Suppose 0 = -v*q - 5*z + 89, 3*q - 53 + 0 = 4*z. What is the remainder when q is divided by 8?
7
Suppose 2*n - 12 = 4*f, 3*f - 5*f + 6 = 2*n. What is the remainder when (-633 - n)/((-4 + 3)*1) is divided by 20?
17
Let a = -8 - -20. Let h = -111839 + 111872. What is the remainder when h is divided by a?
9
Let l(p) = 11*p + 8 - 2*p - 7*p - p. Suppose 11*x + 20 = 16*x. What is the remainder when 33 is divided by l(x)?
9
Suppose 84 = 3*k - 12. Suppose 6*n + 5*f = n + 235, -n = 4*f - k. What is the remainder when 207 is divided by n?
51
Let u = 724 + -668. What is the remainder when u is divided by 20?
16
Let s be ((-3)/9)/(9/(-1269)). Let k = -46 + s. Suppose -2*y + 4 = h + k, -y + 19 = -3*h. What is the remainder when 10 is divided by y?
2
Suppose 16*t - 22 = 17*t. Let r = t - -22. Suppose r*l = l + 4*m - 45, 70 = 2*l - 2*m. Calculate the remainder when 219 is divided by l.
34
Suppose -300 = -u - 0*w - 5*w, -4*w + 300 = u. Calculate the remainder when u is divided by 107.
86
Suppose 2*s + 2001 = 4*q + 5133, -4642 = -3*s - 2*q. What is the remainder when s is divided by 40?
32
Suppose 113023 = 20*d - 0*d - 19657. Calculate the remainder when d is divided by 158.
156
Let m = 2143 + -1285. Suppose 16*u + 10*u = m. Calculate the remainder when 77 is divided by u.
11
Let x(d) = -17*d + 32. Let b be ((-12)/30)/((-2)/(-360)). What is the remainder when b/(-84)*(0 + 84) is divided by x(1)?
12
Let i be (-15)/((-21)/7) - -812. Let z = i - 795. What is the remainder when z is divided by 12?
10
Calculate the remainder when 762 is divided by (9 - 4/(-2))/(-3 + (-52)/(-17)).
14
Let f = -27370 - -27561. Calculate the remainder when 960 is divided by f.
5
Let d be ((-24)/14)/(10 - 6736/672). Suppose 409*g = 406*g + d. What is the remainder when g is divided by 21?
3
Suppose -54 - 111 = -5*l + 5*v, -3*l + 93 = 3*v. What is the remainder when l is divided by 5?
2
Suppose 3*s = 3*i + 9, -8 = -5*s + 3*i + 11. Suppose s*n - 63 + 83 = 0. Calculate the remainder when -1 + (-3 - n)*-9*-7 is divided by 8.
6
Suppose 8 - 8 = 5*j. Suppose -a - 2*a + 90 = j. What is the remainder when a is divided by (6 + -4 + 0)*4?
6
Suppose 5*n - 5*h - 43 = -13, 0 = 3*n - 2*h - 23. Let m = -63 - -88. What is the remainder when m is divided by n?
3
Let m be 3*(10/45 - (-304)/9). Suppose 4*w - 26 = m. Suppose -2*u - 77 = -6*u - 3*b, 0 = -5*u - 5*b + 100. What is the remainder when w is divided by u?
15
Suppose 0 = 4*k - 4*t - 128, -k + 2*t - 749 + 784 = 0. Calculate the remainder when 1234 is divided by k.
16
Suppose -2366*v + 2403*v - 703 = 0. Calculate the remainder when 42 - ((-2)/2 + 1) is divided by v.
4
Let w(o) = -o**3 + o - 1. Let t be w(0). Suppose -2*d + 3 + 5 = 0. What is the remainder when (t + 70/(-6))/((-18)/27) is divided by d?
3
Let d = -18393 - -18990. Calculate the remainder when d is divided by 93.
39
Let j(l) = 2*l - 12. Let s be j(12). Let i = -6 + s. What is the remainder when 26 is divided by 0 - -2 - i - -13?
8
Let l = 467 + -395. Suppose -o + 106 = 2*o - 5*x, 2*o - 3*x - l = 0. What is the remainder when 837 is divided by o?
39
Suppose 119 = 4*y + 4*s + 47, -4 = 2*s. What is the remainder when y is divided by 1/(-13 + (-4598)/(-352))?
4
Suppose -6*w + 4*c = -2*w, -w + 5*c = 0. Suppose 4*r + 3 + 5 = 0, -u + 3*r + 16 = w. Suppose u*y = 662 + 958. What is the remainder when y is divided by 33?
30
Let f(j) = -28*j**2 + 214*j - 315. Let u(x) = -x**3 + 4*x**2 + 7*x + 2. What is the remainder when f(4) is divided by u(5)?
9
Suppose 57*l - 37*l - 35620 = -110*l. Let r(i) = -i**2 - 18*i + 15. What is the remainder when l is divided by r(-11)?
90
Suppose 30 = 13*a + 2*a. Suppose -